8*i**2 + 58*i - 462. Calculate w(8).
2
Let f(l) = l**3 - 37*l**2 - 38*l + 8. Calculate f(38).
8
Let k(r) = 226*r - 2726. Calculate k(12).
-14
Let j(l) = 2*l**2 + 120*l - 930. What is j(7)?
8
Let r(t) = 38*t - 277. Calculate r(7).
-11
Let t(y) = -124*y + 91. Determine t(1).
-33
Let r(k) = 28*k + 93. What is r(-5)?
-47
Let j(c) = 9*c**2 - 217*c + 48. What is j(24)?
24
Let k(c) = 19*c**2 - 295*c + 172. Calculate k(15).
22
Let a(v) = -587*v + 1324. Determine a(2).
150
Let j(c) = -c**3 - 39*c**2 + 88*c + 256. Determine j(-41).
10
Let w(t) = -113*t - 3. Give w(-1).
110
Let w(t) = -2*t**2 + 87*t. Determine w(40).
280
Let c(y) = -25*y - 22. Calculate c(-8).
178
Let q(c) = -c**2 + 49*c - 781. Give q(38).
-363
Let s(v) = 21824*v + 87281. What is s(-4)?
-15
Let v(b) = -33*b - 1231. Determine v(-37).
-10
Let c(y) = 20*y - 1068. Give c(45).
-168
Let r(w) = 3*w**3 + 55*w - 100. Give r(2).
34
Let l(p) = p**3 - 16*p**2 + 112*p - 1184. Determine l(14).
-8
Let s(k) = -16*k**2 - 105*k - 55. Determine s(-6).
-1
Let m(f) = -92*f - 4349. Give m(-46).
-117
Let f(v) = -3*v**2 + 100*v - 73. What is f(23)?
640
Let t(p) = 51*p**2 + 158*p + 9. Calculate t(-3).
-6
Let y(h) = -h**3 + 3*h**2 + 577*h - 2. Determine y(0).
-2
Let j(z) = 5*z - 146. Calculate j(32).
14
Let h(n) = -n**3 + 102*n**2 + 206*n + 184. What is h(104)?
-24
Let l(r) = r**3 + 3*r**2 - 90*r - 14. What is l(-11)?
8
Let d(j) = -j**3 + 18*j**2 + 175*j - 2. What is d(-7)?
-2
Let c(b) = -9*b**3 + 3*b**2 + 274*b - 276. Give c(1).
-8
Let m(v) = -52*v + 60. Give m(0).
60
Let u(x) = -45*x - 87. Calculate u(2).
-177
Let i(z) = 6*z**2 - 143*z + 142. What is i(23)?
27
Let c(k) = -6*k**3 - 72*k**2 - 38*k - 448. Determine c(-12).
8
Let i(m) = -2*m**2 - 106*m - 477. Give i(-48).
3
Let g(l) = -l**3 - 15*l**2 + 3*l + 48. What is g(-15)?
3
Let u(b) = -b**3 + 36*b**2 + 65*b + 574. Calculate u(38).
156
Let w(r) = r**2 - 21*r - 198. Give w(28).
-2
Let g(v) = 3*v**2 + 390*v - 1597. Calculate g(-134).
11
Let y(g) = -13*g + 1077. Determine y(80).
37
Let s(o) = 5*o**2 + 522*o + 520. Determine s(-1).
3
Let a(g) = -101*g + 9179. Give a(91).
-12
Let o(z) = -z**3 + 29*z**2 + 130*z + 58. Calculate o(33).
-8
Let p(a) = 2*a**2 - 407*a + 2386. Determine p(6).
16
Let z(b) = 36*b**2 + 20*b - 131. Determine z(5).
869
Let v(d) = -203*d + 3. Determine v(-1).
206
Let r(m) = 6*m**2 + 64*m - 26. Determine r(-14).
254
Let r(f) = 31*f**2 + 24*f + 2. Calculate r(-2).
78
Let v(y) = -y**3 - 10*y**2 + 199*y - 4. Determine v(-20).
16
Let i(l) = 16*l + 485. Give i(-24).
101
Let y(i) = -i**3 + 60*i**2 - 415*i - 57. What is y(52)?
-5
Let p(n) = -n**3 - 16*n**2 + 63*n + 905. Determine p(-15).
-265
Let y(o) = -9*o**2 - 44*o - 7. Give y(-8).
-231
Let c(k) = 4*k + 17. Determine c(5).
37
Let d(f) = 14*f**2 + 62*f - 47. Determine d(-5).
-7
Let m(z) = -184*z + 1672. Calculate m(9).
16
Let w(t) = 100*t + 1320. Determine w(-19).
-580
Let y(c) = 14*c - 294. What is y(19)?
-28
Let a(t) = t**3 + t**2 + 6*t + 7. Calculate a(-4).
-65
Let l(h) = 161*h**2 - 8378*h + 320. Give l(52).
8
Let z(q) = 16*q - 561. What is z(35)?
-1
Let j(i) = 2*i**2 - 220*i + 5544. Determine j(39).
6
Let g(a) = 6*a**3 - 61*a**2 + 70*a - 568. Determine g(10).
32
Let m(p) = -12*p**2 + 2368*p + 2366. What is m(-1)?
-14
Let s(y) = y**3 - 51*y**2 - 111*y + 105. Calculate s(53).
-160
Let u(f) = -4*f**3 - 199*f**2 + 50*f - 8. Determine u(-50).
-8
Let i(z) = 141*z + 343. Determine i(0).
343
Let y(x) = -x**3 - 5*x**2 + 121*x + 48. Determine y(9).
3
Let j(y) = -49*y**2 - 254*y - 84. What is j(-5)?
-39
Let w(d) = -70*d**2 - 3948*d - 1562. Determine w(-56).
6
Let n(r) = -r**3 - 103*r + 105. Calculate n(1).
1
Let v(s) = 4*s**3 - s**2 - 13*s - 10. Give v(-1).
-2
Let f(s) = 3*s**3 - 174*s**2 + 932*s + 221. Calculate f(52).
13
Let p(d) = 19*d + 1171. Determine p(-61).
12
Let p(b) = 13*b - 444. What is p(35)?
11
Let l(q) = 3*q**2 - 12*q + 43. Determine l(7).
106
Let j(l) = -970*l - 28115. What is j(-29)?
15
Let j(m) = 21*m + 430. What is j(-30)?
-200
Let i(c) = c**3 - 18*c**2 - 9*c + 154. Calculate i(18).
-8
Let u(d) = -d**3 - 28*d**2 - 147*d - 18. What is u(-6)?
72
Let t(u) = -4*u**2 + 94*u - 449. Give t(17).
-7
Let b(s) = -36*s - 332. Determine b(-10).
28
Let c(n) = -n**2 - 9*n + 21. Calculate c(6).
-69
Let a(h) = -h**2 - 8*h + 45. Calculate a(-11).
12
Let p(x) = x**3 - 20*x**2 - 212*x + 2164. Give p(25).
-11
Let c(v) = v**3 - 5*v**2 + 3*v - 28. Give c(6).
26
Let x(w) = -w**3 - 6*w**2 + 2*w - 9. Calculate x(-7).
26
Let y(b) = b**3 - 53*b**2 + 141*b + 348. Determine y(50).
-102
Let s(a) = 4*a**2 - 28*a - 81. Give s(9).
-9
Let q(f) = 2*f**3 + 61*f**2 + 127*f + 4894. Determine q(-31).
-4
Let l(v) = -23*v - 451. Calculate l(-16).
-83
Let d(p) = -p**3 - 16*p**2 - 38*p + 5. Calculate d(-4).
-35
Let y(f) = -f**2 - 47*f - 4. Determine y(-15).
476
Let o(z) = 95*z + 2270. Give o(-23).
85
Let w(b) = -b**2 - 104*b - 204. Give w(-102).
0
Let j(v) = 37*v - 398. What is j(6)?
-176
Let k(v) = -5*v**2 + 104*v + 23. Give k(22).
-109
Let j(y) = y**3 - 145*y**2 + 701*y - 148. Determine j(140).
-8
Let y(w) = 6*w**2 - 93*w - 275. Determine y(-3).
58
Let j(z) = z**3 + 22*z**2 + 31*z + 167. Give j(-20).
347
Let g(b) = 85*b**3 + 83*b**2 - 2. What is g(-1)?
-4
Let o(r) = 2*r**2 + 43*r - 4. What is o(-22)?
18
Let u(b) = -2*b**3 + 25*b**2 - 59*b + 281. Calculate u(11).
-5
Let l(r) = 2*r**3 - 13*r**2 + 14*r + 20. What is l(3)?
-1
Let u(j) = -j**3 - 45*j**2 - 141*j - 631. What is u(-42)?
-1
Let o(s) = 5*s**3 - 15*s**2 + 55*s - 174. Determine o(3).
-9
Let l(q) = 13*q - 122. What is l(8)?
-18
Let s(v) = -8*v - 43. Calculate s(-6).
5
Let t(j) = 2*j**2 - 51*j - 490. Determine t(-9).
131
Let l(f) = 41*f**2 + 119*f + 2. Give l(-3).
14
Let m(u) = -30*u - 824. Determine m(-25).
-74
Let x(a) = 69*a + 1625. Calculate x(-24).
-31
Let m(y) = 18*y - 510. What is m(34)?
102
Let v(s) = -93*s + 537. Determine v(6).
-21
Let h(o) = o**3 + 3*o**2 - 13*o - 24. Calculate h(-4).
12
Let m(r) = 212*r + 397. Determine m(-2).
-27
Let a(j) = j**3 + 10*j**2 + 61*j + 159. What is a(-4)?
11
Let z(r) = -r**3 - 139*r**2 - 539*r - 10. What is z(-4)?
-14
Let k(v) = v**3 + 15*v**2 - 3*v - 28. Give k(-15).
17
Let r(o) = -o**3 - 6*o**2 - 6*o + 1. Give r(-1).
2
Let d(k) = 30*k**2 + 1292*k + 102. Give d(-43).
16
Let d(k) = 1538*k + 10. What is d(0)?
10
Let y(g) = -g**2 + 6*g + 35. Determine y(18).
-181
Let d(p) = -p**2 - 72*p + 746. What is d(-81)?
17
Let k(n) = 37*n**3 + 186*n**2 + 139*n + 681. Calculate k(-5).
11
Let v(o) = -151*o + 3204. Determine v(21).
33
Let f(l) = -22*l - 654. Calculate f(-30).
6
Let l(w) = w**2 - 23*w + 168. What is l(23)?
168
Let l(m) = 233*m - 4426. What is l(19)?
1
Let z(n) = 16*n**2 - 192*n + 21. What is z(12)?
21
Let t(w) = -2*w**2 - 27*w + 235. Give t(6).
1
Let q(k) = k**2 + 1816*k + 10864. Calculate q(-6).
4
Let w(l) = 2*l**3 - 97*l**2 + 49*l - 77. What is w(48)?
-29
Let q(w) = -8*w - 423. Determine q(-60).
57
Let o(l) = 2*l**3 + 20*l**2 + l + 225. Calculate o(-12).
-363
Let g(r) = -27*r + 567. What is g(20)?
27
Let a(f) = -199*f - 3383. Determine a(-17).
0
Let y(n) = 201*n + 993. Give y(-5).
-12
Let w(u) = -u**3 + 67*u**2 + 135*u + 201. Determine w(69).
-6
Let j(o) = o**2 + 400*o - 73567. Determine j(-537).
2
Let n(u) = 8*u**2 - 7*u - 6. Calculate n(-4).
150
Let c(n) = -6*n**3 + 774*n**2 + 5*n - 537. Give c(129).
108
Let m(j) = -7*j**2 + 117*j + 1444. What is m(25)?
-6
Let v(k) = 2*k**3 + 33*k**2 - 18*k + 3. Give v(-17).
20
Let w(d) = d**3 + 21*d**2 - 9*d - 5. Give w(-21).
184
Let w(y) = -y**2 + 420*y + 7414. What is w(-17)?
-15
Let b(q) = 9*q**2 + 54*q + 36. Give b(-5).
-9
Let y(w) = w**2 + 12*w - 68. What is y(6)?
40
Let z(h) = 2*h**3 + h**2 + h - 2. Determine z(1).
2
Let v(o) = -16*o - 483. Calculate v(-30).
-3
Let y(j) = -j**2 + 821*j + 6644. Determine y(-8).
12
Let g(n) = -2*n**3 + 126*n**2 + 115*n + 834. Calculate g(64).
2
Let n(f) = -1484*f - 2966. Determine n(-2).
2
Let s(n) = 106*n**2 + 109*n + 7. Calculate s(-1).
4
Let s(x) = x**2 + 33*x - 205. Calculate s(-38).
-15
Let t(x) = x**3 + 7*x**2 + 68*x + 608. What is t(-8)?
0
Let s(y) = 2*y - 169. What is s(39)?
-91
Let i(m) = -m**2 + 5*m + 324. Give i(20).
24
Let h(o) = 9*o**3 + 56*o**2 + 2*o - 22. What is h(-6)?
38
Let q(c) = 20*c + 461. Calculate q(-24).
-19
Let b(c) = 9*c**2 + 93*c 